 + (4 - 11) + 8?
18
Calculate (-11 - (6 - 8) - -8) + -14 + 7 - 60.
-68
What is the value of -117 + -23 + 141 + 27?
28
What is the value of 0 + -3 - (37 - -4 - (78 - (6 - -56)))?
-28
What is 10 + 1 + 0 + (15 - 38 - -45)?
33
What is (-1 - (-2 + -37)) + 563 + -550 + (1 - 15)?
37
1 + 11 - 0 - (334 + -370)
48
Calculate (-22 + -32 - -22 - 61) + (-1 - 12).
-106
What is (-220 - (-209 - -126)) + -8?
-145
Evaluate -68 + 1 - (7231 - 7310).
12
What is the value of 7 + -10 + -7 + -9 + 11 + 10 + -29?
-27
Calculate 3484 - 3523 - (14 - (2 + -2)).
-53
What is 62 + (-124 + -9 - -12)?
-59
What is -3691 - -3645 - (-59 - 1)?
14
Evaluate (-56 - 0) + (-1601 - -1639) - 65.
-83
Evaluate -85 - ((-5 - -32) + -64 + 37).
-85
What is (18 - -95) + -43 + 10 + -37?
43
-36 + 14 + -25 + -9 + -9
-65
What is 109 + 46 + -15 + -18 + -22 + -12?
88
What is (3 + -6 - 7) + 32 + -44?
-22
What is the value of 35 + -23 + -66 - (-2 + 7 + -4 + -1)?
-54
What is 32 - (-78 + 64 + 41)?
5
-3 + (12 - (0 + -21)) + 19
49
Calculate (-3 + -1 - (10 + -12 - -6)) + -39.
-47
Calculate (-4 - -93) + 47 + -159.
-23
Calculate -17 - ((-33 - 49) + 63).
2
What is the value of -5 + (2 - -5) - (-46 + -10 + (1 - -7))?
50
(-2 - (0 + -1)) + (-3130 - -3097)
-34
-9 + -8 - (-3 - ((0 - 21) + 15))
-20
Calculate -9 - ((11 - -34) + 23 - 23).
-54
What is 51 + (304 - 352 - (-31 - 0))?
34
Calculate (-50 - (26 + -25)) + 11.
-40
Calculate (7 - 7) + 0 - -8 - -18 - -5.
31
What is the value of 2 + (26 - ((13 - -3) + -26))?
38
38 + -31 - (-8 + (-1 - (-19 + 6)))
3
What is -7 + 11 + (-5 - (9 + (0 - 9) + -10))?
9
14 + 15 - -14 - 9
34
What is (-51 - 6) + (-21 - -66)?
-12
Calculate (74 - (46 - 49)) + 3 + -6 + 0 + 15.
89
-23 - (1 - (-1 + 10)) - 14 - 15
-44
46 + 7 - (9 + 28 + -18)
34
What is the value of 1 + -2 - (338 + -398) - (-7 + -15)?
81
Evaluate (-96 - -35 - (9 + -4)) + (15 - 27).
-78
34 - 86 - (-665 - -484)
129
(-1 - 5 - (37 + -51)) + (-48 - -10)
-30
Calculate -1 + -16 - (-2622 - -2600).
5
72 - (20 + 39) - (1 + -35 + 1)
46
(-23 - -86) + -11 - 14
38
What is -34 - (-20 + -4) - (59 - 20 - 12)?
-37
Calculate -2 + 5 - (263 - 296) - 47.
-11
What is the value of 24 - 0 - (108 + -65 - 30)?
11
(-53 - 0 - ((23 - 0) + -21)) + (-32 - -28)
-59
-51 - (62 + -38 + -109)
34
-11 + -16 + -119 + -3 + 15 + 8
-126
Evaluate 1 - ((-22 - (19 + -21)) + -3).
24
What is the value of 11 + (-27 - 10) + -9 + 4?
-31
((-41 - (-38 - -2)) + 0 + 1 - -12) + -12
-4
What is the value of (14 - ((-3 - -39) + -17 - 25)) + -69?
-49
What is 13 - 7 - (-6 + (-5 - -9)) - 57?
-49
What is the value of -9 - 10 - (1 + 1 + (-5 - 7) + 15)?
-24
Calculate 12 + -15 - -2 - -7 - (-7 - 1 - 20).
34
What is the value of 12 - 23 - (19 - 12 - 5) - -65?
52
Evaluate 32 + -33 + (-42 - (12 + 0)).
-55
(1 - 144) + (-1047 - -1070) - -11
-109
Calculate 4 + -6 + -10 - -24 - (54 - 5 - 7).
-30
What is 5 + (54 + 12 - 37) - 36?
-2
What is 3 + -12 + -7 + 250 + -317?
-83
What is (21 - (75 + (30 + 11 - 21))) + 6?
-68
Evaluate 25 + -12 + (4 - -15) + -9.
23
What is -21 + -3 - (-547 + 573)?
-50
What is -19 - 0 - (-66 + -14 + 16)?
45
What is the value of 222 + (-300 - -105) + (77 - -1)?
105
Evaluate (20 - (52 - -26)) + 15.
-43
5 - 2 - (-18 - 5) - 12 - 15
-1
What is the value of 11 - (52 - (-20 - -10)) - (20 + -25)?
-46
What is the value of 3 + (37 - 36) + (3 - (5 + -2))?
4
Calculate 10 - (-4 + 27 + 23 + -44).
8
Evaluate 194 + -106 + (-67 - -27).
48
Evaluate -36 + 25 + -1 + -48 + 0 + 10.
-50
What is the value of (-174 + 188 - (3 - (-17 - 4))) + (119 - 3)?
106
What is the value of (-67 - -174 - 67) + 55?
95
Evaluate (14 - (-8 - (17 - 47))) + (8 - 1).
-1
38 + (20 - -24) - (3 - 4 - 0)
83
What is the value of (4 - -22) + (-82 - -95)?
39
What is 302 + -302 + (15 - 2) + 54 - (11 + 1)?
55
What is 0 - 0 - 1 - (5695 + -5737)?
41
Evaluate (38 - (-16 - -63)) + 46.
37
What is -27793 + 27858 - (12 - (-1 + 0 + 3 - 0))?
55
(-6 + 38 - 12) + (80 - 14) + 6
92
(-7 - -5) + -48 + (-2 + -5 - -19)
-38
Evaluate (-5 - ((1 - -5) + -28)) + -39 + -16.
-38
Calculate 38 + -5 + 40 - 4.
69
(7 - -20) + -40 + -42 + 0 + 1 + 6
-48
3 - (3 - 38 - 7)
45
Calculate (53 + -35 - 24) + (-1 - (-5 + -4)) - -67.
69
What is -2 - 2 - -24 - -5 - -15?
40
What is (45 - 4) + (4 - (-6 - -8)) - 12?
31
Calculate (23 - 35) + 24 + -24 + 10 + 85.
83
What is -62 + (-802 + 786 - (-4 - (-2 - -3)))?
-73
What is 23 + (-1 - -18) + (-17 - 2 - -12)?
33
What is (-14 - -15) + (-6 - (-7 + 14 - 4))?
-8
What is -9 - (15 + 19 + -16 + -20)?
-7
What is the value of 64 - (-64 + 65) - 39?
24
-119 + 30 + 96 + 83
90
What is the value of 3 + -18 + 62 + -59 + -2 + 42?
28
-2 - 0 - (10 + -48)
36
Evaluate 12 + -113 + 47 + 15 + 0.
-39
-19 + -7 + 26 - (-3 + (-7 - -5) + -4)
9
24 + (94 - 89) + -44
-15
Evaluate 20 - (57 + (-35 - -69)).
-71
What is the value of 58 + (6 - 42) + (-85 - 45)?
-108
Calculate (-5 - (13 + -18 - -4)) + -2 + 6 - -10.
10
Evaluate 53 + (-43 - 31 - -63).
42
What is the value of (38 - 24) + -34 + 26 - (-1 + -5 + -1)?
13
What is 51 + -50 + -37 + 7?
-29
What is -109 + (5 - (3 + -30 - -33))?
-110
76 - (47 + 68 + -51)
12
Evaluate -7 + (5 - 16) + -18 + -38.
-74
3 - (3 - -5) - ((33 - 52) + -54)
68
(-8 + -60 - -29) + 16
-23
What is (-149 - -110) + 11 + 5 + -2 + (-1 - 9)?
-35
What is the value of 8 + 1 - (-17 + (-4 + 17 - 17) + 11)?
19
What is the value of 154 - (-4 - 55 - -155)?
58
What is 0 - (57 - -9) - (1291 + -1342)?
-15
Evaluate -106 - (74 + -161 + -157).
138
What is (53 - 19) + 1 + -7 + -1 + 142 + -128?
41
21 + 15 + (36 - 75)
-3
Calculate 3 + (0 - 48) + 11462 + -11523.
-106
Calculate (36 - 13 - 16 - (9 + 0)) + 0 + 0.
-2
What is the value of (1 + 5 - (95 - 10)) + 7 + (-48 - -37)?
-83
What is the value of (345 - 351) + (90 + -4 - 7)?
73
Calculate 36 + (-34 + 17 - 21).
-2
(-19 - (-35 + 0)) + (4 - 9)
11
(100 - (-56 + 118)) + -54 + (-1 - -129)
112
17 - (37 - -22) - 14 - 2
-58
Calculate -5 + 28 + -19 + (17 - (-8 - -7)).
22
What is the value of 19 + (4 - 2) + (-1343 - -1339)?
17
What is the value of -2 - (-3 + (-4 - 32) - (168 - 170))?
35
Calculate -56 + (9 + -17 + 19 + -9 + -6 - -4).
-56
-50 + 34 - (-101 - -31)
54
(-4 - (-2 - 36)) + 188 + -199 + (-1 - 7)
15
What is the value of 2 + -14 - (113 + -129) - -21?
25
Evaluate (83 - 132) + (-2 - (3 - 12)).
-42
What is (-1 - 19 - (-721 + 676)) + -29?
-4
Evaluate 1 + (-43 - -10) + 74.
42
12 - (-1 + 1) - (-14 - 63 - -93)
-4
What is the value of (-24 + 22 - -39) + -17?
20
What is the value of (106 - 12) + -924 + 805?
-25
Calculate 21 + (7 - (-1 - -20)) - 3.
6
What is -350 + 511 - (9 - -63)?
89
Evaluate 99 + -101 + 97 - 138.
-43
What is the value of (29 - (-60 - -51) - 14) + (2 - 88)?
-62
What is (-124 - 4) + 123 + -74 + -3?
-82
-1342 + 1437 - (35 + 1)
59
Evaluate 9 + -1 + 29 + (7 - 28) + 36 + -23.
29
What is the value of 0 - (-22 + 10 + (-20 - -5 - -12)) - -116?
131
What is the value of -1 + 11 - (10 - ((-2 - 25) + 9 + -12))?
-30
(17 - 38) + (-16 - 15) + -5 + -3
-60
Calculate -2 - ((-5 + -4 - (12 + -20)) + 39).
-40
Calculate (-9 - (3 - 2)) + -3 + 21 - 6 - -16.
18
Calculate -8 + (-59 - -91) + (-1 - (-1 + 8)).
16
What is the value of 1 + -13 - (-55 - -130 - 114)?
27
Calculate 1 - -21 - (49 + (55 - 79)).
-3
Calculate (-20 - -44) + 51 + -61.
14
-36 - (-40 - (-15 + -2))
-13
Calculate -2 + 29 + 42 + -14 + (-25 - 1).
29
Evaluate 93 + -55 - -121 - 85.
74
What is 3 - (12 - (-2 - 5))?
-16
Evaluate -32 + 89 + (34 - 44).
47
Evaluate -4 + -13 + 1 + (53 - 14 - 32).
-9
Evaluate 1 + 66 + -42 + 181 + -102.
104
What is the value of (-57 - -26 - -28) + -50?
-53
What is 9 + (-7 - (8 - 16)) - (-17 - -38)?
-11
Calculate -64 + 103 + -1 + (-1 - (1 + -3) - 2).
37
-10 - 11 - (77 - 62)
-36
What is the value of -151 + 125 - (-1 + 4 + -5)?
-24
What is the value of -2 + (4 - 5) + 4 - (-616 + 653)?
-36
What is the value of (-24 - 7) + (-1 + 0 - (26 - 33))?
-25
What is 42 + -52 + 11 + -32?
-31
8 - (1 + 24 + 11 + -33 + 12 + 14)
-21
What is the value of -34 + 77 - (-5 - -49)?
-1
What is the value of 85 - ((-129 - -260) + 28)?
-74
-2 + -35 - ((225 - 305) + 38)
5
What is the value of 584 - 502 - (-7 + -5 - (-3 + 2 - -3))?
96
What is (-67 - -21) + 0 + 12?
-34
-22 + 0 + -1 + 21 + -7 - (8 - 6)
-11
Calculate (-3 - -55 - (116 + -105)) + -6 + 2.
37
What is -51 - (33 + -52 - 19)?
-13
Evaluate (-1 - (2 + 0)) + (11 - (-7 + (-20 - -1))).
34
What is the value of -10 - (48 + (4 - -31) + -19)?